12*x = -9*x + 6. Let m(u) = -9*u + 3. Let v be m(x). Let r(j) = 3*j - 3. Let a be r(2). Calculate the highest common divisor of v and a.
3
Let x(r) = 52*r + 55. Let o be x(14). Calculate the highest common factor of o and 27.
27
Let j(c) = 22*c - 473. Let y be j(40). Calculate the highest common divisor of 37 and y.
37
Let z be (-3 + (-75)/7)/(13/(-182)). What is the highest common divisor of 3 and z?
3
Let c = -750 - -910. What is the greatest common factor of 80 and c?
80
Let n(g) = g**3 - 16*g**2 - 57*g + 22. Let l be n(19). What is the highest common divisor of l and 1342?
22
Let z(a) = a**3 + a**2 + a + 2. Let l be z(0). Let s be (-7 - 1)/l - -60. Calculate the highest common divisor of s and 14.
14
Let t(k) = k**2 + 49*k + 670. Let d be t(0). What is the highest common divisor of 10 and d?
10
Suppose 3*g = -4*b - 13 + 71, b = -g + 21. Calculate the greatest common divisor of g and 169.
13
Let s be (6 - (2 + 0))*85/1. What is the greatest common divisor of 20 and s?
20
Suppose 4*n - 3*n = 2*o - 23, -6 = 2*n. Suppose o*k = 5*k. Let z be (-1 + k)*(-35)/1. What is the highest common factor of 7 and z?
7
Suppose -p + 148 = 4*j, j + 4*p - 18 - 34 = 0. Let g(d) = -d - 2. Let k be g(0). Let z be 1/k + 18/4. Calculate the highest common factor of j and z.
4
Let z = 95 - 46. Let r(t) = 2*t**2 - t. Let i be r(2). Let m = i - -1. Calculate the greatest common factor of m and z.
7
Let n(k) = -2*k + 1. Let l be n(-9). Let m(y) = -y**2 + 19*y + 17. Let s be m(13). Calculate the highest common divisor of s and l.
19
Suppose 2*t - 2*p - 3*p = -33, 0 = 3*p - 9. Let x be ((-6)/(-4))/(t/(-24)). Suppose -20 = 2*m - x*m. Calculate the highest common factor of 5 and m.
5
Let z(s) = -91*s - 445. Let b be z(-5). What is the highest common divisor of b and 44?
2
Let b = -124 - -269. Let k = 356 - 327. Calculate the greatest common divisor of b and k.
29
Let s(n) = -n**2 - 5*n + 8. Suppose 8*i + 12 = 5*i. Let l be s(i). Let q be 56*(-1 + 5/2). Calculate the greatest common factor of l and q.
12
Suppose -3*o = -4*g - 126, -7*o = -2*o + 3*g - 210. What is the greatest common divisor of 112 and o?
14
Let b(a) = 15*a - 27. Let w be b(17). Let z = 326 - w. Calculate the greatest common divisor of z and 14.
14
Suppose -14*k + 9075 = k. Calculate the greatest common divisor of 55 and k.
55
Let m = -4 + 61. Let o = -39 + 46. Suppose -o*b = -3*b - 76. Calculate the highest common factor of m and b.
19
Let i = 844 - -860. What is the highest common factor of 24 and i?
24
Let s = 133 + 72. Suppose -348 = -4*a - 4*t, 5*a - 3*t = 222 + s. Suppose a = m - 68. What is the greatest common factor of 14 and m?
14
Let z be (16/6)/(4/18). Let a(l) = 2*l**3 + 3*l**2 - 2*l - 3. Let u be a(2). Let x = u - z. Calculate the greatest common factor of 45 and x.
9
Let w = -45 + 7. Let x = w + 51. Let k = 64 - 25. Calculate the highest common factor of k and x.
13
Let r(n) = n**3 - 36*n**2 + 15*n - 156. Let m be r(36). What is the highest common divisor of m and 12?
12
Suppose -3*f = 2*f - 3*w - 731, -5*w = 4*f - 607. Let v = -68 + f. What is the greatest common divisor of v and 10?
10
Suppose -16*g + 34281 = 1881. What is the greatest common factor of 75 and g?
75
Let h = 2865 - 499. Calculate the greatest common factor of h and 26.
26
Let i(b) = 2*b**2 + 4*b + 121. Let q be i(0). What is the greatest common factor of 11 and q?
11
Let x(j) = -2*j + 3. Let n be x(-1). Let f be (-1)/(-4) - (-28)/16. Let a = 4 - f. Calculate the highest common divisor of n and a.
1
Let u(z) = 5*z - 6. Let f be u(8). Calculate the greatest common factor of 2 and f.
2
Let r be 1/3 - 77/(-21). Suppose 10 = r*t - 7*t + 5*k, 0 = 3*t + k - 20. Calculate the highest common divisor of 35 and t.
5
Suppose -18*d + 23*d - 65 = 0. Let w = 9 + -7. Suppose -w*y + 120 = 16. What is the highest common divisor of d and y?
13
Let p be (14/6)/((-6)/72). Let l be 1/8*-34*p. What is the highest common divisor of 17 and l?
17
Let f = 53 + -45. Suppose f = w - 2*i, 4*i + 7 = 3*w - 11. What is the greatest common factor of w and 16?
2
Let r = 26 - 27. Let n(h) = -h**3 + h**2 + h + 17. Let v be n(0). Let t = v - r. What is the highest common divisor of 144 and t?
18
Suppose 0 = -2*t - 2 + 76. Let m = -18 + t. What is the greatest common factor of 171 and m?
19
Suppose 0 = -22*g - 27*g + 637. What is the greatest common factor of g and 117?
13
Suppose 4256 - 13256 = -18*y. What is the greatest common factor of 20 and y?
20
Let j(d) = 1. Let k(o) = -7*o + 28. Let s(i) = 2*j(i) - k(i). Let n be s(7). Calculate the greatest common factor of n and 92.
23
Let f(y) = -y**3 + 7*y**2 - 2*y - 10. Let c be f(6). What is the highest common divisor of c and 182?
14
Let l(o) = 238*o**2 - 16*o + 16. Let t be l(1). Calculate the highest common divisor of 28 and t.
14
Let b(o) = o**2 - 13*o + 3. Suppose -2*g - 2*h = -26, 3*g + 0*g = -2*h + 39. Let w be b(g). What is the greatest common factor of w and 12?
3
Suppose -8*i + 5*i + 510 = 0. Suppose y = -y + i. Suppose -4*q = q - y. Calculate the highest common divisor of q and 85.
17
Let g(p) = p - 7. Let u be g(9). Suppose -140*q + 162 = -131*q. Calculate the greatest common factor of q and u.
2
Let v be (2/(4/54))/((-72)/(-240)). Calculate the highest common divisor of 18 and v.
18
Let s = 10 - 99. Let d = s - -129. Let a be 2 - 2 - (-101 + 1). What is the greatest common factor of a and d?
20
Let l = 5075 - 5003. Suppose 2*s = -2*w + 184, 4*w - w = 3*s + 300. Calculate the highest common factor of w and l.
24
Let v = -15 + 26. Suppose 4*g + v + 1 = 0. Let j be g + (9 - (3 + 1)). Calculate the greatest common divisor of 4 and j.
2
Let i = -1 - -3. Let k(y) = y**i + 2*y + 14 - y - 2. Let z be k(-5). Calculate the greatest common divisor of z and 16.
16
Suppose 6 = 4*b - 2. Suppose 5 = a + b*a + p, -4 = 4*a + 4*p. Let u be 5 + a/(-5 - -2). Calculate the highest common divisor of u and 1.
1
Let g(x) = -x**2 - 8*x + 4. Let k be g(-9). Let j = -5 - k. Suppose 0 = 2*a - o - 72, j = -3*a - 5*o + 52 + 56. What is the highest common divisor of 90 and a?
18
Suppose 160 = 6*n - 56. What is the highest common divisor of n and 18?
18
Let t(r) = -3*r + 52. Let c be t(15). Suppose 71 = c*b - 293. Calculate the greatest common factor of 572 and b.
52
Let q(n) = -25*n - 295. Let y be q(-13). What is the greatest common factor of y and 320?
10
Let q(p) be the second derivative of p**5/10 + p**4/4 - 5*p**2/2 - 2*p. Let l be q(4). What is the greatest common factor of 19 and l?
19
Suppose 3*y + 5*a - 49 = a, -2*y + 32 = 3*a. What is the greatest common divisor of 95 and y?
19
Let b = -88 + 66. Let f = 30 + b. Suppose 2*a - 113 = -5*o, -5*a = -3*o - 386 + 57. Calculate the highest common divisor of f and a.
8
Let w be -1 + (-1)/(-1)*61. Let b be ((-261)/116)/((-3)/16). What is the highest common divisor of w and b?
12
Let q = -404 + 566. What is the highest common factor of 45 and q?
9
Let q be 3/9 + (-161)/(-3). Suppose 3*o + 733 = 751. Calculate the greatest common divisor of o and q.
6
Let l = -642 + 659. Calculate the highest common factor of 1 and l.
1
Let w = 301 + -167. Calculate the highest common factor of 2 and w.
2
Let c be 0/(3 + -5 + 9/3). Suppose 0 = i - 5*g + 19, -g + 2 + 2 = c. What is the greatest common factor of i and 1?
1
Let x be ((-10)/(-1)*98/(-28))/(-1). Calculate the greatest common divisor of 6 and x.
1
Let j(z) = -z**3 + 7*z**2 + 7*z - 5. Let q = 12 + -6. Let a be (14/3)/(q/9). Let o be j(a). What is the highest common divisor of o and 22?
22
Suppose 5 - 1 = -4*d. Let w be (d/1)/((-4)/16). Calculate the highest common factor of w and 16.
4
Suppose -1304 + 5161 = 19*q. What is the greatest common factor of 87 and q?
29
Suppose -3*m + 140 = -64. What is the greatest common divisor of m and 34?
34
Let n be (-2)/9 - (-1116)/(-81). Suppose 50 - 14 = -6*k. Let s be (n/12)/(k/36). What is the highest common divisor of s and 28?
7
Let r(l) = -l**3 + 4*l**2 + 15*l + 7. Let n be r(6). Calculate the greatest common factor of n and 125.
25
Let y(x) = 42*x**2 - x - 1. Let i be y(-2). Suppose -5*f + i = -161. Let q be ((-2)/(-3))/(4/f). Calculate the greatest common factor of 99 and q.
11
Suppose -3*r + 2*r + 4 = 0. Let k = -9 - 0. Let i(a) = 2*a**2 + 16*a + 2. Let b be i(k). What is the greatest common fac